{"id":290,"date":"2022-10-17T08:59:01","date_gmt":"2022-10-17T08:59:01","guid":{"rendered":"https:\/\/demo.vivathemes.com\/vignette\/?page_id=84"},"modified":"2026-03-10T21:30:56","modified_gmt":"2026-03-10T21:30:56","slug":"contact","status":"publish","type":"page","link":"https:\/\/www.zarzecka.pl\/?page_id=290","title":{"rendered":"Kontakt"},"content":{"rendered":"\n<div style=\"height:40px\" aria-hidden=\"true\" class=\"wp-block-spacer\"><\/div>\n\n\n\n<div class=\"wp-block-columns alignwide processblock is-layout-flex wp-container-core-columns-is-layout-28f84493 wp-block-columns-is-layout-flex\">\n  \n  <div class=\"wp-block-column animated fadeInUpShort delay-500 is-layout-flow wp-block-column-is-layout-flow\">\n\n    \n    <h3 class=\"wp-block-heading\">Skontaktuj si\u0119 z nami<\/h3>\n    \n\n    \n    <p><strong>Zadzwo\u0144:<\/strong><br>+48 605 426 687<br>+48 697 518 738<\/p>\n    \n\n    \n    <p><strong>Adres:<\/strong><br>Krakowska 17 lok. U4,<br>15-875 Bia\u0142ystok<\/p>\n    \n\n    \n    <p><strong>Napisz:<\/strong><br><a href=\"mailto:biuro@zarzecka.pl\">biuro@zarzecka.pl<\/a><\/p>\n    \n\n    \n    <p><strong>Godziny otwarcia:<\/strong><br>9:00 &#8211; 17:00<br>Spotkania odbywaj\u0105 si\u0119 po wcze\u015bniejszym um\u00f3wieniu godziny konsultacji.<\/p>\n    \n\n    \n    <div class=\"wp-block-buttons is-layout-flex wp-block-buttons-is-layout-flex\">\n      \n      <div class=\"wp-block-button is-style-fill\"><a class=\"wp-block-button__link wp-element-button\" href=\"\/?page_id=289\">O nas<\/a><\/div>\n      \n    <\/div>\n    \n\n  <\/div>\n  \n\n  \n  <div class=\"wp-block-column is-layout-flow wp-block-column-is-layout-flow\"><\/div>\n  \n<\/div>\n","protected":false},"excerpt":{"rendered":"<p>Skontaktuj si\u0119 z nami Zadzwo\u0144:+48 605 426 687+48 697 518 738 Adres:Krakowska 17 lok. U4,15-875 Bia\u0142ystok Napisz:biuro@zarzecka.pl Godziny otwarcia:9:00 &#8211; 17:00Spotkania odbywaj\u0105 si\u0119 po wcze\u015bniejszym um\u00f3wieniu godziny konsultacji.<\/p>\n","protected":false},"author":1,"featured_media":96,"parent":0,"menu_order":0,"comment_status":"closed","ping_status":"closed","template":"","meta":{"footnotes":""},"class_list":["post-290","page","type-page","status-publish","has-post-thumbnail","hentry"],"_links":{"self":[{"href":"https:\/\/www.zarzecka.pl\/index.php?rest_route=\/wp\/v2\/pages\/290","targetHints":{"allow":["GET"]}}],"collection":[{"href":"https:\/\/www.zarzecka.pl\/index.php?rest_route=\/wp\/v2\/pages"}],"about":[{"href":"https:\/\/www.zarzecka.pl\/index.php?rest_route=\/wp\/v2\/types\/page"}],"author":[{"embeddable":true,"href":"https:\/\/www.zarzecka.pl\/index.php?rest_route=\/wp\/v2\/users\/1"}],"replies":[{"embeddable":true,"href":"https:\/\/www.zarzecka.pl\/index.php?rest_route=%2Fwp%2Fv2%2Fcomments&post=290"}],"version-history":[{"count":10,"href":"https:\/\/www.zarzecka.pl\/index.php?rest_route=\/wp\/v2\/pages\/290\/revisions"}],"predecessor-version":[{"id":1298,"href":"https:\/\/www.zarzecka.pl\/index.php?rest_route=\/wp\/v2\/pages\/290\/revisions\/1298"}],"wp:featuredmedia":[{"embeddable":true,"href":"https:\/\/www.zarzecka.pl\/index.php?rest_route=\/wp\/v2\/media\/96"}],"wp:attachment":[{"href":"https:\/\/www.zarzecka.pl\/index.php?rest_route=%2Fwp%2Fv2%2Fmedia&parent=290"}],"curies":[{"name":"wp","href":"https:\/\/api.w.org\/{rel}","templated":true}]}}